+ 436 = 4*c, r*c = -2*q + 2*c + 234. Is q a composite number?
False
Let j = 33 + -31. Suppose h = 0, -3*w + 3*h + 117 = -j*h. Is w prime?
False
Let r(z) = -z**2 + 35*z - 22. Let b be r(24). Let c = b + -115. Is c prime?
True
Let w(u) = 552*u. Let b(g) = 29*g. Let m(o) = 115*b(o) - 6*w(o). Let a be m(6). Let p = a - 27. Is p a prime number?
False
Let s = -44 - -44. Suppose s = 2*r - 2811 - 35. Is r a prime number?
True
Is (-10)/4*4358/(-5) prime?
True
Let w = -84 - -83. Let m(j) = 1278*j**2 + 2*j + 1. Is m(w) a prime number?
True
Let l(g) = 9*g**3 + 3*g**2 - 3*g + 2. Let v be l(2). Suppose 2*s + v - 204 = 0. Suppose -2*r = -4*n - s, 6*r - 160 = 2*r - 4*n. Is r prime?
True
Let d(t) be the third derivative of -1471*t**6/60 - t**5/30 - t**4/24 - t**3/3 + 43*t**2. Is d(-1) composite?
False
Suppose 77*v - 3219 = 74*v. Is v prime?
False
Let k be (6*1)/(18/12) + -1. Suppose k*u + 209 = 4*u. Is u composite?
True
Suppose 9*j - 19663 = 5*j + i, 2*i = -6. Is j composite?
True
Suppose -15*l + 2*l = -150527. Is l prime?
True
Let j = 14 + -10. Suppose j*h = -h + 2345. Is h prime?
False
Let g(h) be the first derivative of 7*h**3/3 - 3*h**2/2 - 27*h - 23. Is g(8) composite?
False
Let f be (-8 - -1)*12/(-7). Suppose -2*y = 3*k - f, 5*k - y - 8 = 12. Suppose 4*v + 0*p = -4*p + 24, -36 = -k*v - p. Is v a prime number?
False
Suppose 0*t - 836 = -t + 3*p, -2*t + 2*p = -1680. Let j = -343 + t. Is j composite?
False
Suppose 0*b + 4*g + 31768 = 4*b, -2*b - 2*g = -15864. Is b a composite number?
False
Let q = 84402 + -51323. Is q composite?
True
Let p = 42282 + -23483. Is p a composite number?
True
Let d = -5264 - -28453. Is d composite?
False
Let v = -10711 - -35724. Is v composite?
False
Let v(c) = c**2 - c - 1. Let n(l) = l**2 + 6*l - 8. Let o be n(-7). Let q(h) = 2*h**2 - 4*h + 6. Let u(f) = o*q(f) + 5*v(f). Is u(5) a prime number?
True
Suppose 0 = 5*o + 2*h - 8191, 5*h = -2*o + 1780 + 1509. Is o composite?
False
Let c = 55 + -107. Let r be (c/(-12) + 4)*-15. Let u = -12 - r. Is u prime?
True
Let z(b) = 69*b + 2. Let n be z(3). Let t = n - 96. Is t a composite number?
False
Let o(f) = 721*f + 261. Is o(22) composite?
True
Suppose -219 = 4*i - l, 6*l = -i + 3*l - 58. Is (-6)/3 - i - 2/1 a prime number?
False
Let o = 44703 - 29444. Is o composite?
False
Suppose 9*q = 2*q + 33677. Is q composite?
True
Let q(o) = 3680*o**2 + 11*o - 26. Is q(5) prime?
False
Is (-18)/(-108) - 2/(12/(-2273)) a prime number?
True
Let u = -3 - -3. Suppose p + p - 8 = u. Suppose p*z - 307 = 201. Is z a prime number?
True
Let z = -4360 - -6939. Is z prime?
True
Is (24/(-3) - -11) + 9052 + 2 a composite number?
True
Suppose -4*l - 9 = -7*l. Let y be 2 + -478*1 + l. Let t = y + 674. Is t composite?
True
Let k(z) = -z**3 - 14*z**2 - 42*z - 28. Is k(-21) a prime number?
False
Let i be 1 - (-1 + (3 - (0 + 1))). Suppose i = 14*r - 188261 - 27717. Is r prime?
True
Suppose -4*s + 6995 = -801. Is s a prime number?
True
Suppose i - c = -391, 15*i - 11*i + 1549 = c. Let f be (18/8)/((-3)/(-16)). Is 2/(f/i)*-15 composite?
True
Suppose 12146 = 53*a - 14460. Let b be 1/(-2) + 7/2. Suppose -377 - a = -b*f. Is f composite?
False
Let t be ((-192)/18)/(3/198*-4). Let z = t - -783. Is z prime?
False
Suppose 0 = 111*n - 406808 - 115225. Is n composite?
False
Suppose 4*w - z - 455 = 0, -28*w - 5*z - 354 = -31*w. Is w prime?
True
Let y = 244328 + -109659. Is y a composite number?
False
Let m(k) = k**3 + k**2 - k + 4. Let u be m(0). Suppose -9*d + 945 = -u*d. Suppose 446 = 5*x - d. Is x a prime number?
True
Let z = -18149 - -33118. Is z a composite number?
False
Suppose -4*k - i = -6237, 4*i - 1560 = -k + 3*i. Suppose -u - 10 = -5*d, -d = -4*d + 5*u + 6. Suppose -d*c - 1038 = -2*x - c, -3*x + k = -2*c. Is x prime?
False
Suppose -3*q + 12 = -4*r - r, -2*q = -4*r - 8. Suppose 13*f - 21281 = -r*f. Is f composite?
False
Let d(v) = -v**2 - 9*v - 1. Let m be d(-8). Suppose -2*l = -4*j + l + 7463, -j = 3*l - 1877. Suppose -j = -m*p + 3*p. Is p a prime number?
True
Let j(q) = -q**3 - 18*q**2 - q - 4. Let f be j(-18). Suppose -a + 6*a = -w + f, 2*a + w = 8. Suppose -a*b + 1959 = b. Is b a composite number?
False
Suppose 0 = 2*c - z - 5882, 5*c - 8821 = 2*c + z. Is c a prime number?
True
Let s(b) = -87*b + 2. Let r(p) = p**3 - 6*p**2 + 5*p - 5. Let t be r(4). Is s(t) prime?
True
Suppose 0 = u - 5*u - 4. Is (-4 - u)*(-192 - -1) a prime number?
False
Let x = -23 + 26. Is 500 + -1 + (x - 3) a composite number?
False
Let s(j) = -38*j**3 - 2*j - 3. Let c(d) = 2*d**2 + 8*d + 7. Let q be c(-2). Is s(q) a composite number?
False
Let n be (-3)/((-2)/((-20)/(-6))). Is 921 - 6/(15/n) a composite number?
False
Let h be (-39)/4*(-24)/18 + 2. Suppose h*i + 327 = 10842. Is i prime?
True
Suppose -11*w = -13*w + 5*m + 5910, -w = 4*m - 2981. Suppose k - w = -0*k. Is k a prime number?
False
Let c(y) = -5*y**3 + y. Let s be c(-1). Suppose 0 = s*l - l - 3*k - 27, -4*l + 40 = -5*k. Suppose 0 = -l*u + 4*w + 870, -3*u + w = -0*u - 529. Is u composite?
True
Suppose -v + 2 = -4*n + 6, -3*n = -3*v + 15. Suppose -r + v*r - 35 = 0. Suppose -5*p + 3*t + 168 = 2*t, 3*p + r*t = 84. Is p prime?
False
Let u(j) = 398*j + 93. Is u(20) a composite number?
False
Suppose 13 = -2*p + 13. Is -3*(-1227)/9 - (2 + p) a composite number?
True
Is 2579*1*(-5)/25*-5 a composite number?
False
Let r(p) = -30*p + 14. Let w(s) = 20*s - 2 - 23*s - 5*s**2 + s**3 + 0 - 2*s**3. Let n be w(-4). Is r(n) a composite number?
True
Let z(u) = u**2 - 7*u - 5. Let f be z(-5). Suppose f*k = 50*k + 890. Is k composite?
True
Is ((-5)/(30/4))/(24/(-2648340)) a prime number?
False
Let l(z) = -z**3 - 10*z**2 + 4*z + 15. Let u be l(-10). Suppose -5*t - 71 = 239. Let i = u - t. Is i composite?
False
Let y be 4/(-3 - 111/(-39)). Let o = -27 - y. Is (15/(-25))/(o/185) composite?
True
Let n = 1530 - 424. Let f = n + -783. Is f a composite number?
True
Let u = 180 + -173. Is u composite?
False
Is 2*(-4 + 5) - -2427 prime?
False
Let x be -3 + 1*(3 - 0). Let n(h) = h**2 + h + 268. Let l be n(x). Let r = 367 + l. Is r composite?
True
Suppose -2*h - h + 6309 = 2*b, 0 = 5*h + 3*b - 10514. Is h a prime number?
False
Suppose -4*p + 1448 + 1132 = 0. Is p + (1 - 2/(-2)) prime?
True
Suppose -52*u + 42*u = -99010. Is u a composite number?
False
Let g(y) = y + 3. Let n be g(4). Suppose n + 2 = 3*t. Suppose j + 637 = t*a, a = 5*j + 210 + 21. Is a a composite number?
False
Is ((-3 + 4)*-307)/(7/(-413)) a prime number?
False
Let u(g) = 5*g**2 + 80*g - 138. Is u(-47) composite?
True
Let a(n) = -15*n + 5. Suppose 4*m = 5*m + 5*y - 5, 0 = -3*m - 2*y - 24. Is a(m) composite?
True
Let k be -7*4/(-28) + 3. Suppose 74 = 3*p - 5*j, -j - 4 + 3 = 0. Suppose l + k*i = p, -3*l + 36 - 7 = 2*i. Is l a prime number?
True
Suppose 0 = 9808*r - 9805*r - 79671. Is r a composite number?
False
Let u(w) = -w**2 - 6*w + 4. Let q be u(-6). Let i = q - 0. Suppose 0 = -5*o + 4*l + 618 - 48, i*l = -o + 138. Is o prime?
False
Let g = -9905 + 14688. Is g prime?
True
Let l = -2 + 7. Suppose 0*v = 2*s + v - 12, 3*s = l*v - 8. Suppose -s*n = -7*n + 291. Is n prime?
True
Is (-2)/(-9) - (6003395/(-45) + 6) a prime number?
True
Is 7/(147/6) + 842952/56 prime?
True
Is 48/(-40) - (-55323)/15 prime?
False
Let x(t) = -77*t - 2 + 24*t - 6. Let h be x(-6). Suppose 0 = 2*m + 5*j - 2*j - h, 4*m - 3*j - 656 = 0. Is m a prime number?
False
Let x = 3 + -1. Suppose -x*w + 1631 = 5*w. Is w prime?
True
Suppose 3*g = -5 + 5. Suppose -2*z + 190 = -u, g*u + 5*u = -2*z + 214. Is z composite?
False
Let j(p) = p**3 - 6*p**2 - 2*p + 8. Let w be j(6). Is 4/((-20)/(-3415)) + w composite?
True
Let g = -153836 + 258891. Is g a prime number?
False
Suppose -456 = -4*i - 4*v + 72, v + 630 = 5*i. Is i composite?
False
Let m(r) = -138*r + 59. Is m(-2) a prime number?
False
Suppose -6*z = -0*z - 20562. Is z composite?
True
Let f = -15 + -2. Let l be ((-8)/(-2))/(18/234). Let t = f + l. Is t composite?
True
Suppose -3*i + 12767 = -9226. Suppose 5*w - w + 5*z - i = 0, -5*z = w - 1814. Is w a composite number?
True
Let r(j) = -2*j + 42. Let v be r(20). Let h(t) = 60*t**2 - 2*t - 5. Let l be h(-5). Suppose -l = v*y - 7*y. Is y prime?
False
Suppose 0 = -2*x + 2*q + 14, -x - 5*q - 9 = 14. Let o = x + 3. Suppose o*s - 8*s = -363. Is s prime?
False
Let w be 10/(-10) - (1 + -14). Le